dd35a1 + 5?
cdd35a6
In base 4, what is 202113 - -13003021?
13211200
In base 9, what is 60385061 + 4?
60385065
In base 14, what is -4 + -a8b383?
-a8b387
In base 8, what is -5 - 34474?
-34501
In base 8, what is 1330661 - -12?
1330673
In base 4, what is -2322110310 - 1022?
-2322111332
In base 11, what is 3 + 40a325?
40a328
In base 16, what is -79 - 16990?
-16a09
In base 7, what is 3 - -131612101?
131612104
In base 6, what is 15111315 + 135?
15111454
In base 12, what is -3 + 663972?
66396b
In base 12, what is -4 - -4737728?
4737724
In base 7, what is -343 - 226164?
-226540
In base 13, what is 446b58 + -11?
446b47
In base 16, what is 1053ea + -1?
1053e9
In base 16, what is 611 - -13db5?
143c6
In base 7, what is 24 + -116055200?
-116055143
In base 4, what is -102330111102021 + -2?
-102330111102023
In base 4, what is 10312 + 31311001?
31321313
In base 15, what is -996ed + -5?
-99703
In base 12, what is 2278465 - -13?
2278478
In base 14, what is 3 - -9a873d?
9a8742
In base 4, what is 131013331 - 20203?
130333122
In base 7, what is -1 + 14346434?
14346433
In base 7, what is -132022334 + 105?
-132022226
In base 4, what is 120333 - 1232300?
-1111301
In base 13, what is 1a + -14ca803?
-14ca7b6
In base 8, what is -5 - 15675545?
-15675552
In base 14, what is -d60b - -690?
-cd5b
In base 14, what is -3abc7d - -a?
-3abc73
In base 11, what is 26393a3 + 9?
2639401
In base 10, what is -1822 - 37054?
-38876
In base 12, what is 1 + -9b97ba?
-9b97b9
In base 10, what is -1078 + -9084?
-10162
In base 9, what is -114 - -781612?
781487
In base 4, what is -1030112012 + -123?
-1030112201
In base 11, what is 23331a + -625?
2327a5
In base 3, what is 100101 + -111101010122?
-111100210021
In base 5, what is -4014433 + 14320?
-4000113
In base 16, what is 53 - -1455b2?
145605
In base 15, what is -1d54 + -175a?
-35ae
In base 15, what is -37d1c - -b2?
-37c5a
In base 6, what is -21140252 + 10?
-21140242
In base 14, what is -213d2 - -73?
-2135d
In base 5, what is -1042022 - -10220?
-1031302
In base 8, what is -1034 - -376440?
375404
In base 10, what is -206968463 + -4?
-206968467
In base 13, what is 13918 + -379c?
10149
In base 16, what is -73 + -262a?
-269d
In base 6, what is -1 - 1040144040?
-1040144041
In base 7, what is 111236510 - -4?
111236514
In base 5, what is -124 - 22312414?
-22313043
In base 7, what is 13301443551 - -1?
13301443552
In base 9, what is -7327375 - 5?
-7327381
In base 8, what is -2501 - 11025?
-13526
In base 13, what is -642c0c + -77?
-642c86
In base 14, what is 17 + -410a332?
-410a319
In base 3, what is -11102201122200 - -111?
-11102201122012
In base 9, what is 534464 - 604?
533760
In base 15, what is 28e6 + -393?
2553
In base 3, what is 11002211200 - 1222?
11002202201
In base 9, what is -507515323 - -4?
-507515318
In base 13, what is 88 - -93b27b?
93b336
In base 16, what is -3 - 2ad1?
-2ad4
In base 15, what is 4b3 + -56ec?
-5239
In base 6, what is 14 + 14355024035?
14355024053
In base 10, what is 283020 + 9?
283029
In base 8, what is -4 - -535714543?
535714537
In base 7, what is 1205344 - 123?
1205221
In base 11, what is 18 - 236927?
-23690a
In base 5, what is -2232144 + 24422?
-2202222
In base 14, what is -1b33ab7b - 5?
-1b33ab82
In base 9, what is -2004 - 3633?
-5637
In base 11, what is -3 - 23224a2?
-23224a5
In base 12, what is -90 - -a3669?
a3599
In base 5, what is 244342333041 - -10?
244342333101
In base 6, what is -544333 - 34?
-544411
In base 10, what is -4 + 10001289?
10001285
In base 2, what is 1001011100100101001110 - 10?
1001011100100101001100
In base 6, what is 333123 - 514?
332205
In base 12, what is -4 + -2b582795?
-2b582799
In base 10, what is 1604672 + -30?
1604642
In base 10, what is 1752 - 11076?
-9324
In base 15, what is -20 + -1d442?
-1d462
In base 11, what is 1 + -17429122?
-17429121
In base 4, what is -113200000 + 100112?
-113033222
In base 6, what is -11352405 + 135?
-11352230
In base 4, what is -13113231 + 121032?
-12332133
In base 16, what is 2 + 4a99b2?
4a99b4
In base 3, what is 201111000 + -22110102?
102000121
In base 2, what is 1010101111111110010 + 100001?
1010110000000010011
In base 13, what is 1256b - 78?
124c3
In base 3, what is -2111012120 + -102100?
-2111121220
In base 16, what is 1bfc - -5db?
21d7
In base 13, what is -2 + -66a6390?
-66a6392
In base 12, what is -18378 + 184?
-181b4
In base 4, what is 11 + 11332231131?
11332231202
In base 8, what is 654565414 + 4?
654565420
In base 3, what is 1021200200220221010 + -11?
1021200200220220222
In base 3, what is 2220202212002 + -20022?
2220202121210
In base 12, what is 50 + -1296095?
-1296045
In base 13, what is -b5a96 - 6c?
-b5b35
In base 11, what is 33183 + -64?
3311a
In base 3, what is -21 + 101011120201221?
101011120201200
In base 8, what is -21 - 23173620?
-23173641
In base 3, what is 10 - 12201110101101?
-12201110101021
In base 8, what is -4670 + 3454?
-1214
In base 14, what is -6 + -2bc838?
-2bc840
In base 3, what is -20112021011 - 1102111?
-20120200122
In base 7, what is 5 - -343141?
343146
In base 5, what is -100 + -2101101?
-2101201
In base 13, what is -690 + -2172cc?
-21798c
In base 3, what is -2010012200000220 + -1101?
-2010012200002021
In base 3, what is -1121 - -221101001010?
221100222112
In base 8, what is 20 - 231177321?
-231177301
In base 10, what is 206 + 6305?
6511
In base 2, what is 1111000101111000010 + -1101101?
1111000101101010101
In base 4, what is -1130113121 + -200?
-1130113321
In base 9, what is 242114 - -11817?
254032
In base 5, what is -230444114124 - 3?
-230444114132
In base 13, what is 22ab01 + 534?
22b335
In base 5, what is -4 + -14141023033?
-14141023042
In base 11, what is -1 + -30749524?
-30749525
In base 7, what is -3165 + -1045602?
-1052100
In base 2, what is -10001000111101 + -10001010110001101?
-10011011111001010
In base 12, what is -1ab - 19079b?
-19098a
In base 5, what is 1230123114212 - 1?
1230123114211
In base 12, what is -69ab70 - 59?
-69b009
In base 15, what is -c - -82aa9?
82a9c
In base 6, what is -1142553 + 101?
-1142452
In base 13, what is -39c04a1 - -2?
-39c049c
In base 16, what is 82c19 + 6?
82c1f
In base 5, what is 321411443 - 10?
321411433
In base 3, what is -1021100000 - -12?
-1021022211
In base 3, what is -11 - 20101112002212?
-20101112010000
In base 4, what is -10211033 + 330302?
-3220131
In base 2, what is -1111100111101011111001 + 1001?
-1111100111101011110000
In base 15, what is 5 - -8a4a6e?
8a4a74
In base 4, what is -210220332 + -23303?
-210310301
In base 10, what is 2 + 5829123?
5829125
In base 2, what is -1001010010101100011001 - -1011?
-1001010010101100001110
In base 16, what is -fb65 + -10c?
-fc71
In base 6, what is -35 + 43512232?
43512153
In base 8, what is -34 - 636253?
-636307
In base 16, what is 5293e9 - -2?
5293eb
In base 6, what is -542054445 - -5?
-542054440
In base 2, what is 100010000111000010101 - -111?
100010000111000011100
In base 3, what is 112100 - 111000222?
-110111122
In base 4, what is -122003113000 - -302?
-122003112032
In base 5, what is 422200 - 12004?
410141
In base 7, what is 1661 + -1325?
333
In base 10, what is 4220 + 137634?
141854
In base 6, what is -400011 + 403405?
3354
In base 12, what is 8b08976 - 19?
8b08959
In base 2, what is -1000 + -111001100110011100010?
-111001100110011101010
In base 4, what is -22 - -121012221201?
121012221113
In base 6, what is -323120 - 455?
-324015
In base 4, what is -111111 + 1213202232?
1213031121
In base 11, what is 11a85a7 + 6?
11a8602
In base 16, what is 2815b + 13?
2816e
In base 2, what is 110100011100000 - -110101001100?
111011000101100
In base 13, what is -27412 + -819?
-27c2b
In base 13, what is 272b8a9 - -4?
272b8b0
In base 4, what is -3301003 - -21111?
-3213232
In base 2, what is -1101111011011 - -1111011011?
-1100000000000
In base 15, what is 4301 - -3?
4304
In base 14, what is -1dd94c + -a?
-1dd958
In base 13, what is 4 + 33167cc5?
33167cc9
In base 5, what is -3113 + -10241123?
-10244241
In base 6, what is 30022 + -3311?
22311
In base 15, what is 1b440 - 728?
1ac17
In base 9, what is 2030 + -86481?
-84451
In base 12, what is 3b6b7 + 5682?
45179
In base 5, what is 12014420 - 1021?
12013344
In base 9, what is -322862 - -51?
-322811
In base 8, what is 516 - -110540?
111256
In base 5, what is 1303342041 - -4044?
1303401140
In base 10, what is 2 +